{"id":19,"date":"2023-09-05T23:11:08","date_gmt":"2023-09-05T21:11:08","guid":{"rendered":"https:\/\/www.mathacademie.ovh\/?page_id=19"},"modified":"2026-03-26T12:11:42","modified_gmt":"2026-03-26T11:11:42","slug":"terminales-maths-experts","status":"publish","type":"page","link":"https:\/\/www.mathacademie.ovh\/index.php\/terminales-maths-experts\/","title":{"rendered":"Terminales maths experts"},"content":{"rendered":"\n<ul class=\"wp-block-list\">\n<li><a href=\"https:\/\/www.mathacademie.ovh\/wp-content\/uploads\/2023\/09\/Tle_Maths_expertes.pdf\">Programme<\/a><\/li>\n\n\n\n<li><a href=\"https:\/\/www.mathacademie.ovh\/wp-content\/uploads\/2023\/09\/terminale_spe_math_chap_0_element_de_logique.pdf\">El\u00e9ments de logique et techniques de d\u00e9monstration<\/a><\/li>\n\n\n\n<li>Nombres complexes &#8211; Forme alg\u00e9brique\n<ul class=\"wp-block-list\">\n<li><a href=\"https:\/\/www.mathacademie.ovh\/wp-content\/uploads\/2023\/09\/terminale_math_expert_chap_1_nombres_complexes_algebrique_prog.pdf\">Programme<\/a><\/li>\n\n\n\n<li><a href=\"https:\/\/www.mathacademie.ovh\/wp-content\/uploads\/2024\/09\/terminale_math_expert_chap_1_nombres_complexes_algebrique_proprietes_eleves.pdf\">Cours \u00e9l\u00e8ves<\/a><\/li>\n\n\n\n<li><a href=\"https:\/\/www.mathacademie.ovh\/wp-content\/uploads\/2024\/09\/terminale_math_expert_chap_1_nombres_complexes_algebrique_proprietes_prof.pdf\">Cours prof<\/a><\/li>\n\n\n\n<li><a href=\"https:\/\/www.mathacademie.ovh\/wp-content\/uploads\/2024\/09\/terminale_math_expert_chap_1_nombres_complexes_algebrique_exo_enonces.pdf\">Exercices<\/a><\/li>\n<\/ul>\n<\/li>\n\n\n\n<li>Les matrices\n<ul class=\"wp-block-list\">\n<li><a href=\"https:\/\/www.mathacademie.ovh\/wp-content\/uploads\/2023\/12\/terminale_math_expert_chap_2_matrices_prog.pdf\">Programme<\/a><\/li>\n\n\n\n<li>Cours \u00e9l\u00e8ves<\/li>\n\n\n\n<li><a href=\"https:\/\/www.mathacademie.ovh\/wp-content\/uploads\/2023\/12\/terminale_math_expert_chap_2_matrices_proprietes.pdf\">Cours prof<\/a><\/li>\n\n\n\n<li><a href=\"https:\/\/www.mathacademie.ovh\/wp-content\/uploads\/2023\/12\/terminale_math_expert_chap_2_matrices_exo.pdf\">Exercices<\/a><\/li>\n\n\n\n<li><a href=\"https:\/\/www.mathacademie.ovh\/wp-content\/uploads\/2026\/01\/terminale_math_expert_chap_2_matrices_exo_correction.pdf\">Correction<\/a><\/li>\n<\/ul>\n<\/li>\n\n\n\n<li>Arithm\u00e9tique &#8211; Divisibilit\u00e9 et congruence\n<ul class=\"wp-block-list\">\n<li><a href=\"https:\/\/www.mathacademie.ovh\/wp-content\/uploads\/2023\/11\/terminale_math_expert_chap_3_arithmetiques_congruence_prog.pdf\">Programme<\/a><\/li>\n\n\n\n<li><a href=\"https:\/\/www.mathacademie.ovh\/wp-content\/uploads\/2024\/11\/terminale_math_expert_chap_3_arithmetiques_congruence_proprietes_eleves.pdf\">Cours \u00e9l\u00e8ves<\/a><\/li>\n\n\n\n<li><a href=\"https:\/\/www.mathacademie.ovh\/wp-content\/uploads\/2024\/11\/terminale_math_expert_chap_3_arithmetiques_congruence_proprietes_prof.pdf\">Cours prof<\/a><\/li>\n\n\n\n<li><a href=\"https:\/\/www.mathacademie.ovh\/wp-content\/uploads\/2023\/11\/terminale_math_expert_chap_3_arithmetiques_congruence_exo.pdf\">Exercices<\/a><\/li>\n<\/ul>\n<\/li>\n\n\n\n<li>Nombres complexes &#8211; Interpr\u00e9tation g\u00e9om\u00e9trique et forme exponentielle\n<ul class=\"wp-block-list\">\n<li>Programme<\/li>\n\n\n\n<li><a href=\"https:\/\/www.mathacademie.ovh\/wp-content\/uploads\/2026\/03\/terminale_math_expert_chap_4_nombres_complexes_geometrie_proprietes_eleves.pdf\">Cours \u00e9l\u00e8ves<\/a><\/li>\n\n\n\n<li><a href=\"https:\/\/www.mathacademie.ovh\/wp-content\/uploads\/2026\/03\/terminale_math_expert_chap_4_nombres_complexes_geometrie_proprietes_prof.pdf\">Cours prof<\/a><\/li>\n\n\n\n<li><a href=\"https:\/\/www.mathacademie.ovh\/wp-content\/uploads\/2024\/02\/terminale_math_expert_chap_4_nombres_complexes_geometrie_exo_correction.pdf\">Exercices<\/a><\/li>\n<\/ul>\n<\/li>\n\n\n\n<li>Graphes et cha\u00eene de Markov\n<ul class=\"wp-block-list\">\n<li>Programme<\/li>\n\n\n\n<li><a href=\"https:\/\/www.mathacademie.ovh\/wp-content\/uploads\/2024\/03\/terminale_math_expert_chap_5_matrices_Graphes_introduction.pdf\">Exercices d&rsquo;introduction<\/a><\/li>\n\n\n\n<li><a href=\"https:\/\/www.mathacademie.ovh\/wp-content\/uploads\/2024\/03\/terminale_math_expert_chap_5_matrices_Graphes_introduction_correction.pdf\">Correction des exercices d&rsquo;introduction<\/a><\/li>\n\n\n\n<li><a href=\"https:\/\/www.mathacademie.ovh\/wp-content\/uploads\/2026\/03\/terminale_math_expert_chap_5_matrices_Graphes_proprietes_prof.pdf\">Cours<\/a><\/li>\n\n\n\n<li><a href=\"https:\/\/www.mathacademie.ovh\/wp-content\/uploads\/2025\/03\/terminale_math_expert_chap_5_matrices_Graphes_exo-1.pdf\">Exercices<\/a><\/li>\n<\/ul>\n<\/li>\n\n\n\n<li>Arithm\u00e9tiques &#8211; PGCD et nombres premiers\n<ul class=\"wp-block-list\">\n<li>Programme<\/li>\n\n\n\n<li><a href=\"https:\/\/www.mathacademie.ovh\/wp-content\/uploads\/2025\/03\/terminale_math_expert_chap_6_arithmetiques_PGCD_proprietes_eleves.pdf\">Cours \u00e9l\u00e8ves<\/a><\/li>\n\n\n\n<li><a href=\"https:\/\/www.mathacademie.ovh\/wp-content\/uploads\/2025\/03\/terminale_math_expert_chap_6_arithmetiques_PGCD_proprietes_prof.pdf\">Cours prof<\/a><\/li>\n\n\n\n<li><a href=\"https:\/\/www.mathacademie.ovh\/wp-content\/uploads\/2025\/03\/terminale_math_expert_chap_6_arithmetiques_PGCD_exo-1.pdf\">Exercices<\/a><\/li>\n<\/ul>\n<\/li>\n\n\n\n<li>Nombres complexes &#8211; Polyn\u00f4mes\n<ul class=\"wp-block-list\">\n<li>Programme<\/li>\n\n\n\n<li>Cours<\/li>\n\n\n\n<li>Exercices<\/li>\n<\/ul>\n<\/li>\n<\/ul>\n","protected":false},"excerpt":{"rendered":"","protected":false},"author":1,"featured_media":0,"parent":0,"menu_order":0,"comment_status":"closed","ping_status":"closed","template":"","meta":{"footnotes":""},"class_list":["post-19","page","type-page","status-publish","hentry"],"_links":{"self":[{"href":"https:\/\/www.mathacademie.ovh\/index.php\/wp-json\/wp\/v2\/pages\/19","targetHints":{"allow":["GET"]}}],"collection":[{"href":"https:\/\/www.mathacademie.ovh\/index.php\/wp-json\/wp\/v2\/pages"}],"about":[{"href":"https:\/\/www.mathacademie.ovh\/index.php\/wp-json\/wp\/v2\/types\/page"}],"author":[{"embeddable":true,"href":"https:\/\/www.mathacademie.ovh\/index.php\/wp-json\/wp\/v2\/users\/1"}],"replies":[{"embeddable":true,"href":"https:\/\/www.mathacademie.ovh\/index.php\/wp-json\/wp\/v2\/comments?post=19"}],"version-history":[{"count":45,"href":"https:\/\/www.mathacademie.ovh\/index.php\/wp-json\/wp\/v2\/pages\/19\/revisions"}],"predecessor-version":[{"id":1165,"href":"https:\/\/www.mathacademie.ovh\/index.php\/wp-json\/wp\/v2\/pages\/19\/revisions\/1165"}],"wp:attachment":[{"href":"https:\/\/www.mathacademie.ovh\/index.php\/wp-json\/wp\/v2\/media?parent=19"}],"curies":[{"name":"wp","href":"https:\/\/api.w.org\/{rel}","templated":true}]}}