{"id":847,"date":"2024-09-12T22:13:39","date_gmt":"2024-09-12T20:13:39","guid":{"rendered":"https:\/\/www.mathacademie.ovh\/?page_id=847"},"modified":"2026-01-05T22:53:28","modified_gmt":"2026-01-05T21:53:28","slug":"evaluation-terminales-specialite-2025-2026","status":"publish","type":"page","link":"https:\/\/www.mathacademie.ovh\/index.php\/evaluation-terminales-specialite-2025-2026\/","title":{"rendered":"Evaluations terminales sp\u00e9cialit\u00e9 2025 &#8211; 2026"},"content":{"rendered":"\n<ul class=\"wp-block-list\">\n<li>Devoir Surveill\u00e9 : Fonction ln et th\u00e9or\u00e8me du point fixe\n<ul class=\"wp-block-list\">\n<li><a href=\"https:\/\/www.mathacademie.ovh\/wp-content\/uploads\/2025\/12\/terminale_DS1_suite_recurrence_fct_ln_enonce.pdf\">sujet<\/a><\/li>\n\n\n\n<li><a href=\"https:\/\/www.mathacademie.ovh\/wp-content\/uploads\/2026\/01\/terminale_DS1_suite_recurrence_fct_ln_correction.pdf\">Correction<\/a><\/li>\n<\/ul>\n<\/li>\n<\/ul>\n","protected":false},"excerpt":{"rendered":"","protected":false},"author":1,"featured_media":0,"parent":0,"menu_order":0,"comment_status":"closed","ping_status":"closed","template":"","meta":{"footnotes":""},"class_list":["post-847","page","type-page","status-publish","hentry"],"_links":{"self":[{"href":"https:\/\/www.mathacademie.ovh\/index.php\/wp-json\/wp\/v2\/pages\/847","targetHints":{"allow":["GET"]}}],"collection":[{"href":"https:\/\/www.mathacademie.ovh\/index.php\/wp-json\/wp\/v2\/pages"}],"about":[{"href":"https:\/\/www.mathacademie.ovh\/index.php\/wp-json\/wp\/v2\/types\/page"}],"author":[{"embeddable":true,"href":"https:\/\/www.mathacademie.ovh\/index.php\/wp-json\/wp\/v2\/users\/1"}],"replies":[{"embeddable":true,"href":"https:\/\/www.mathacademie.ovh\/index.php\/wp-json\/wp\/v2\/comments?post=847"}],"version-history":[{"count":11,"href":"https:\/\/www.mathacademie.ovh\/index.php\/wp-json\/wp\/v2\/pages\/847\/revisions"}],"predecessor-version":[{"id":1088,"href":"https:\/\/www.mathacademie.ovh\/index.php\/wp-json\/wp\/v2\/pages\/847\/revisions\/1088"}],"wp:attachment":[{"href":"https:\/\/www.mathacademie.ovh\/index.php\/wp-json\/wp\/v2\/media?parent=847"}],"curies":[{"name":"wp","href":"https:\/\/api.w.org\/{rel}","templated":true}]}}